et l(v) = v**3 - 5*v**2 + 4*v - 5. What is l(4)?
-5
Let y(z) = -z**2 + 6. Calculate y(0).
6
Let d(p) = 8*p**2 + p - 4. Determine d(3).
71
Let m(z) = -20*z**2 + 63*z - 12. Give m(3).
-3
Let v(r) = -2*r + 32. What is v(0)?
32
Let r(l) = -6*l - 14. Determine r(-2).
-2
Let c(q) = 3*q + 23. Determine c(-6).
5
Let k(y) = 9*y - 157. Determine k(16).
-13
Let p(i) = -i**3 + 10*i**2 + 43*i - 222. What is p(12)?
6
Let y(o) = o**3 + 12*o**2 - o - 13. Determine y(-12).
-1
Let n(j) = -2*j + 9. What is n(-8)?
25
Let b(z) = 51*z + 1. Give b(-1).
-50
Let h(f) = -4*f**2 - 4*f + 4. Determine h(2).
-20
Let y(u) = u**3 + 2*u**2 - 2*u + 1. Determine y(-2).
5
Let r(k) = -76*k - 73. Give r(-1).
3
Let j(q) = -7*q + 1. What is j(-3)?
22
Let y(j) = 7*j - 8. Determine y(2).
6
Let t(b) = 2*b - 32. Determine t(10).
-12
Let t(b) = -2*b**2 - b + 6. Determine t(0).
6
Let w(g) = 37*g**2. Determine w(1).
37
Let r(j) = -3*j**2 - j - 1. Calculate r(-1).
-3
Let p(f) = 2*f - 2. What is p(-6)?
-14
Let p(a) = 8*a + 10. Determine p(-10).
-70
Let h(t) = -3*t - 2. What is h(1)?
-5
Let x(r) = -r**3 + 8*r**2 - 4*r + 26. Give x(8).
-6
Let r(q) = -q**3 + 28*q**2 + 58*q + 54. What is r(30)?
-6
Let w(a) = a**3 + 10*a**2 + 5*a - 14. Calculate w(-9).
22
Let o(y) = 9*y**3 - y**2. What is o(1)?
8
Let g(j) = -6*j**2 + 33*j - 33. Calculate g(1).
-6
Let i(r) = -r**2 + r + 1. Give i(2).
-1
Let i(z) = -z**3 - 11*z**2 - 2*z + 35. Calculate i(-11).
57
Let d(u) = 2*u**2 - 9*u + 13. What is d(4)?
9
Let n(f) = 2*f**3 - 11*f**2 + 21*f - 16. Determine n(3).
2
Let h(l) = -3*l**3 + 3*l**2 - 7*l - 1. What is h(2)?
-27
Let f(q) = q**3 - 2*q - 13. Determine f(0).
-13
Let p(v) = -v - 7. Give p(6).
-13
Let f(p) = 2*p**2 - 5*p - 10. Determine f(3).
-7
Let i(v) = -14*v - 3. What is i(-2)?
25
Let x(g) = -6*g - 10. Calculate x(-12).
62
Let n(t) = 21*t - 10. Determine n(4).
74
Let b(z) = z**2 - 23*z + 3. Give b(23).
3
Let l(p) = -10*p + 128. Determine l(13).
-2
Let w(b) = 4*b + 54. Determine w(-16).
-10
Let z(i) = -i**2 - 32*i + 36. Determine z(-33).
3
Let b(i) = i**2 + 7*i + 7. Give b(-5).
-3
Let u(i) = -i**3 - 10*i**2 - i + 69. What is u(-9)?
-3
Let q(p) = 3*p - 1. Give q(1).
2
Let y(t) = -t**3 - 17*t**2 - 56*t - 6. Determine y(-13).
46
Let v(h) = -h**3 - 7*h**2 + 4*h + 27. What is v(-7)?
-1
Let a(s) = 7*s - 16. Determine a(-8).
-72
Let v(c) = -c**2 + 9*c + 8. What is v(10)?
-2
Let d(o) = o**3 - 9*o**2 + 3*o + 24. Give d(8).
-16
Let d(n) = -5*n - 2. Determine d(-1).
3
Let c(q) = -2*q**2 - 10*q - 1. Give c(-8).
-49
Let z(h) = h**3 + 5*h**2 + 5*h + 2. Give z(-4).
-2
Let v(p) = -p**2 - p - 33. Give v(0).
-33
Let j(k) = k**2 + 4*k - 6. What is j(-5)?
-1
Let f(u) = 37*u. Determine f(1).
37
Let z(m) = m**2 - 15*m + 7. Calculate z(15).
7
Let g(d) = -2*d**2 - 47*d + 19. Calculate g(-24).
-5
Let a(n) = 6*n + 1. Calculate a(6).
37
Let t(b) = -b**2 - 4*b - 6. What is t(-2)?
-2
Let y(t) = t**2 + 14*t - 19. Determine y(-13).
-32
Let f(d) = d. What is f(-2)?
-2
Let i(j) = -176*j + 883. Calculate i(5).
3
Let f(s) = -7*s + 52. Calculate f(8).
-4
Let i(n) = -n + 9. Calculate i(6).
3
Let r(o) = -3*o - 25. Give r(-6).
-7
Let s(k) = -k**2 - 18*k + 88. Give s(-22).
0
Let u(v) = -3*v + 4. Give u(5).
-11
Let t(v) = v**3 - 2*v**2 - 4*v - 6. Calculate t(4).
10
Let s(d) = -75*d - 198. Determine s(-3).
27
Let p(w) = 3*w**2 - 48*w + 9. What is p(16)?
9
Let m(w) = w**3 - 15*w**2 + 17*w - 19. Give m(14).
23
Let c(x) = -17*x**2 - 1. What is c(-1)?
-18
Let z(g) = -9*g + 77. Calculate z(23).
-130
Let u(r) = -2*r - 6. Give u(-7).
8
Let j(s) = -s**3 - s**2 - 3. Determine j(-3).
15
Let k(a) = -15*a + 190. Calculate k(13).
-5
Let i(r) = r**2 - 44*r - 165. Give i(-4).
27
Let b(i) = i**2 + 12*i + 9. Calculate b(-9).
-18
Let c(b) = b**2 + 8*b - 27. Calculate c(-11).
6
Let o(g) = 2*g**3 - 32*g**2 - g + 1. Determine o(16).
-15
Let z(a) = -a**2 + 15*a. Determine z(13).
26
Let t(r) = r**3 + 21*r**2 - 22*r - 32. Determine t(-22).
-32
Let y(s) = -s + 20. What is y(16)?
4
Let n(r) = r**2 + 5*r + 1. What is n(-6)?
7
Let k(s) = -3*s**3 - s**2 + s - 1. What is k(-2)?
17
Let h(w) = -3*w + 1. Give h(6).
-17
Let k(w) = 11*w**3 + 6*w**2 + 8*w + 1. Give k(-2).
-79
Let u(y) = 9*y + 180. Calculate u(-22).
-18
Let m(n) = n**3 - 31*n**2 - 32*n - 11. Calculate m(32).
-11
Let v(m) = -24*m**2 + 3*m + 2. Calculate v(-1).
-25
Let r(f) = f**3 + 5*f**2 + 8*f + 12. Give r(-3).
6
Let b(l) = l**3 + 10*l**2 - 5*l - 6. Give b(-10).
44
Let q(o) = -o**2 - 12*o - 13. What is q(-11)?
-2
Let h(o) = 3*o**2 + 50*o + 36. What is h(-16)?
4
Let i(u) = -11*u - 45. Calculate i(0).
-45
Let k(v) = v**2 - 13*v - 73. What is k(17)?
-5
Let o(c) = 12*c - 4. Calculate o(-3).
-40
Let s(k) = 4*k**2 - 3*k - 1. What is s(-1)?
6
Let w(y) = y**2 + 26*y + 102. What is w(-24)?
54
Let j(d) = d**3 + 14*d**2 + 15*d + 28. Calculate j(-13).
2
Let w(h) = -2*h**2 + 5*h + 13. Determine w(0).
13
Let f(r) = 3*r**3 + 25*r**2 + 7*r - 23. Give f(-8).
-15
Let v(q) = -q**3 + 12*q**2 - 20*q + 5. Calculate v(10).
5
Let j(h) = 8*h**2 + 5*h + 1. Give j(-2).
23
Let d(s) = 11*s - 11. Calculate d(7).
66
Let k(i) = -i**2 + 11*i - 24. Give k(7).
4
Let n(u) = -55*u**3 + 3*u**2 + u - 1. Give n(1).
-52
Let m(t) = -7*t**3 - 3*t**2 + 7*t - 4. Give m(1).
-7
Let t(y) = -y**3 + 7*y**2 + 2*y - 10. What is t(7)?
4
Let f(v) = v + 32. Give f(-7).
25
Let z(y) = 10*y + 13. Calculate z(-6).
-47
Let v(t) = t**2 - 42. Determine v(6).
-6
Let q(c) = c**2 + 4*c. Determine q(-3).
-3
Let k(d) = -d**2 - 3*d - 18. Determine k(-8).
-58
Let l(a) = -a**2 + 8*a - 10. Determine l(7).
-3
Let s(m) = -m**3 + 25*m**2 - 64*m - 46. Give s(22).
-2
Let y(a) = -a**2 + 22*a + 94. Calculate y(28).
-74
Let c(j) = -52*j + 256. Give c(5).
-4
Let l(o) = 6*o - 1. Give l(2).
11
Let w(z) = -12*z + 308. Give w(26).
-4
Let t(a) = 19*a - 37. What is t(2)?
1
Let n(x) = -x**3 + 23*x**2 + 32*x - 190. What is n(24)?
2
Let z(y) = y**3 - 11*y**2 - 30*y - 8. Give z(13).
-60
Let l(b) = b**3 - 21*b**2 + 21*b - 28. Give l(20).
-8
Let c(v) = -v**2 + 21*v + 132. Determine c(26).
2
Let q(l) = -l**2 + 25*l - 68. Calculate q(3).
-2
Let q(a) = 13*a + 38. Give q(-20).
-222
Let a(w) = -11*w**3 - 4*w - 4. Determine a(-2).
92
Let r(p) = -16*p - 203. Give r(-16).
53
Let m(o) = -17*o**2 - 5*o + 7. Calculate m(3).
-161
Let f(k) = 4*k + 70. Determine f(-18).
-2
Let g(d) = -d**3 - 5*d**2 - 3*d + 2. Determine g(-5).
17
Let s(g) = -15*g - 27. Give s(-7).
78
Let c(o) = -o**3 - 2*o**2 + 2*o + 2. What is c(-3)?
5
Let h(v) = -v**2 + 7*v + 56. Determine h(-5).
-4
Let n(p) = -11*p**2 + p. Determine n(1).
-10
Let i(f) = -f**2 - 36*f - 251. Give i(-26).
9
Let b(w) = -14*w - 3. Calculate b(-2).
25
Let u(c) = 4*c + 60. Give u(-15).
0
Let i(x) = -x**2 - 7*x + 193. Give i(10).
23
Let b(t) = t**3 - 14*t**2 + 47*t + 3. Determine b(8).
-5
Let q(y) = 2*y**2 + 10*y + 1. Calculate q(-5).
1
Let c(r) = 3*r**2 - 29*r + 39. What is c(8)?
-1
Let o(q) = -q**2 + 5*q - 7. Calculate o(5).
-7
Let r(l) = -l**3 - 8*l**2 + 7*l - 18. Calculate r(-9).
0
Let d(f) = -11*f + 1. Determine d(2).
-21
Let l(x) = 22*x**3 - 2*x**2 + 4*x - 4. Give l(1).
20
Let z(k) = 3*k**3 - k**2. Give z(1).
2
Let z(t) = t + 7. Determine z(-7).
0
Let q(t) = 2*t - 8. Give q(19).
30
Let g(t) = -t**2 - 1. What is g(4)?
-17
Let s(g) = -g**2 - 22*g - 128. Give s(-14).
-16
Let d(n) = -n**3 + 5*n**2 + 9*n - 6. What is d(6)?
12
Let i(k) = -2*k**2 - 44*k - 234. Calculate i(-13).
0
Let v(y) = -40*y**2 + 44*y. Calculate v(1).
4
Let h(k) = -3*k**2 + 2*k - 1. Give h(2).
-9
Let p(f) = -3*f**2 + 7*f + 16. Give p(5).
-24
Let i(d) = d**2 - 22*d + 107. Give i(5).
22
Let z(c) = 12*c + 201. What is z(-17)?
-3
Let y(f) = -125*f - 9. Determine y(-2).
241
Let h(u) = -2*u**2 + u + 8. Determine h(0).
8
Let r(i) = 3*i**3 - 3*i**2 + i + 2. Calculate r(2).
16
Let g(s) = s**2 + 14*s + 45. Determine g(-10).
5
Let y(a) = a - 21. Calculate y(17).
-4
Let x(j) = -22*j + 411. What is x(19)?
-7
Let l(r) = -7*r + 5. Determine l(7).
-44
Let m(i) = -18*i - 53. Calculate m(-3).
1
Let i(w) = -2*w**2 + 10*w - 10. What is i(6)?
-22
Let z(f) = -f**3 + 14*f**2 + f - 18. Determine z(14).
-4
Let v(g) = 37*g + 13. Calculate v(-2).
-61
Let k(h) = -19*h**3. Calculate k(-1).
19
Let y(l) = 7*l + 49. Determine y(-7).
0
Let s(k) = -13*k + 14. Determine s(-9).
131
Let h(y) = 6*y**2 - 35*y + 3. Give h(6).
9
Let f(q) = 29